vided by 3615?
26
Calculate the remainder when 34301 is divided by 131.
110
Calculate the remainder when 6171 is divided by 51.
0
Calculate the remainder when 16236 is divided by 5405.
21
Calculate the remainder when 726690 is divided by 127.
123
Calculate the remainder when 1799 is divided by 138.
5
What is the remainder when 12086 is divided by 32?
22
What is the remainder when 53415 is divided by 4108?
11
What is the remainder when 3964 is divided by 896?
380
What is the remainder when 207713 is divided by 611?
584
Calculate the remainder when 19161 is divided by 9579.
3
What is the remainder when 7680 is divided by 1276?
24
Calculate the remainder when 2090 is divided by 326.
134
What is the remainder when 96532 is divided by 48259?
14
Calculate the remainder when 165510 is divided by 96.
6
Calculate the remainder when 5758 is divided by 5.
3
Calculate the remainder when 2480 is divided by 38.
10
Calculate the remainder when 1087674 is divided by 618.
612
What is the remainder when 153989 is divided by 15?
14
What is the remainder when 982 is divided by 400?
182
Calculate the remainder when 1630 is divided by 808.
14
What is the remainder when 221750 is divided by 582?
8
What is the remainder when 5788 is divided by 8?
4
What is the remainder when 29964 is divided by 140?
4
What is the remainder when 1726 is divided by 332?
66
What is the remainder when 1556 is divided by 245?
86
Calculate the remainder when 1756 is divided by 459.
379
Calculate the remainder when 245518 is divided by 132.
130
What is the remainder when 9206 is divided by 4442?
322
Calculate the remainder when 6631 is divided by 214.
211
Calculate the remainder when 4859 is divided by 499.
368
What is the remainder when 3282 is divided by 506?
246
What is the remainder when 31043 is divided by 30771?
272
Calculate the remainder when 4653 is divided by 4524.
129
What is the remainder when 81022 is divided by 780?
682
Calculate the remainder when 2384 is divided by 251.
125
Calculate the remainder when 5372 is divided by 63.
17
Calculate the remainder when 144508 is divided by 8500.
8
Calculate the remainder when 13774 is divided by 12.
10
What is the remainder when 3008 is divided by 457?
266
What is the remainder when 2232 is divided by 28?
20
What is the remainder when 8431 is divided by 4209?
13
Calculate the remainder when 10141 is divided by 390.
1
What is the remainder when 40997 is divided by 6830?
17
Calculate the remainder when 103771 is divided by 461.
46
Calculate the remainder when 648157 is divided by 65.
42
What is the remainder when 2604 is divided by 576?
300
What is the remainder when 504291 is divided by 42?
39
What is the remainder when 26097 is divided by 50?
47
Calculate the remainder when 1954 is divided by 318.
46
What is the remainder when 5953 is divided by 28?
17
What is the remainder when 47076 is divided by 62?
18
Calculate the remainder when 172341 is divided by 668.
665
What is the remainder when 27965 is divided by 4657?
23
What is the remainder when 5804 is divided by 257?
150
What is the remainder when 314051 is divided by 571?
1
What is the remainder when 5889 is divided by 298?
227
What is the remainder when 775 is divided by 85?
10
Calculate the remainder when 54262 is divided by 408.
406
Calculate the remainder when 175883 is divided by 175842.
41
Calculate the remainder when 941 is divided by 13.
5
What is the remainder when 649116 is divided by 843?
6
Calculate the remainder when 7107 is divided by 711.
708
Calculate the remainder when 13016 is divided by 11953.
1063
What is the remainder when 3162 is divided by 162?
84
Calculate the remainder when 847306 is divided by 588.
586
Calculate the remainder when 98714 is divided by 19.
9
Calculate the remainder when 6318 is divided by 1936.
510
What is the remainder when 28489 is divided by 139?
133
Calculate the remainder when 239313 is divided by 111.
108
What is the remainder when 216562 is divided by 17?
16
Calculate the remainder when 7002 is divided by 50.
2
What is the remainder when 92928 is divided by 92907?
21
Calculate the remainder when 4536 is divided by 2166.
204
Calculate the remainder when 950 is divided by 727.
223
Calculate the remainder when 3042 is divided by 245.
102
What is the remainder when 28478 is divided by 1360?
1278
Calculate the remainder when 3595 is divided by 1177.
64
What is the remainder when 120905 is divided by 167?
164
What is the remainder when 70147 is divided by 1189?
1185
Calculate the remainder when 6176472 is divided by 59.
57
What is the remainder when 108783 is divided by 95?
8
Calculate the remainder when 1890 is divided by 105.
0
What is the remainder when 190234 is divided by 542?
534
Calculate the remainder when 81091 is divided by 13515.
1
What is the remainder when 21766 is divided by 5439?
10
Calculate the remainder when 1729399 is divided by 25.
24
What is the remainder when 187822 is divided by 999?
10
Calculate the remainder when 5267 is divided by 105.
17
What is the remainder when 12981 is divided by 4282?
135
What is the remainder when 3425036 is divided by 240?
236
Calculate the remainder when 9199 is divided by 1822.
89
Calculate the remainder when 2436 is divided by 167.
98
What is the remainder when 66094 is divided by 3?
1
Calculate the remainder when 3699132 is divided by 477.
474
Calculate the remainder when 3857 is divided by 1782.
293
Calculate the remainder when 163618 is divided by 135.
133
What is the remainder when 7176 is divided by 21?
15
What is the remainder when 10924 is divided by 274?
238
What is the remainder when 435846 is divided by 1256?
14
Calculate the remainder when 17459 is divided by 144.
35
What is the remainder when 12242 is divided by 37?
32
Calculate the remainder when 278854 is divided by 275.
4
What is the remainder when 68250 is divided by 48?
42
What is the remainder when 9785 is divided by 516?
497
What is the remainder when 12859 is divided by 211?
199
What is the remainder when 9911 is divided by 1081?
182
What is the remainder when 46694 is divided by 5188?
2
Calculate the remainder when 42245 is divided by 14065.
50
What is the remainder when 18891 is divided by 2097?
18
What is the remainder when 5263 is divided by 135?
133
Calculate the remainder when 136919 is divided by 60.
59
What is the remainder when 67405 is divided by 16851?
1
What is the remainder when 1318393 is divided by 11?
10
What is the remainder when 1172736 is divided by 19?
18
What is the remainder when 55475 is divided by 207?
206
Calculate the remainder when 719078 is divided by 29.
23
What is the remainder when 18470 is divided by 878?
32
What is the remainder when 12045 is divided by 118?
9
What is the remainder when 32797 is divided by 1822?
1
What is the remainder when 6356 is divided by 13?
12
Calculate the remainder when 176217 is divided by 45.
42
Calculate the remainder when 23984 is divided by 123.
122
Calculate the remainder when 2154 is divided by 38.
26
Calculate the remainder when 26925 is divided by 804.
393
Calculate the remainder when 1941939 is divided by 2042.
2039
Calculate the remainder when 472447 is divided by 32.
31
What is the remainder when 40643 is divided by 17?
13
Calculate the remainder when 15541 is divided by 6889.
1763
What is the remainder when 2091 is divided by 541?
468
What is the remainder when 88281 is divided by 865?
51
What is the remainder when 77934 is divided by 523?
7
What is the remainder when 25515 is divided by 230?
215
Calculate the remainder when 12551 is divided by 3042.
383
What is the remainder when 1894 is divided by 1058?
836
What is the remainder when 5938 is divided by 44?
42
What is the remainder when 70227 is divided by 50?
27
Calculate the remainder when 1316 is divided by 139.
65
Calculate the remainder when 62323 is divided by 2149.
2
What is the remainder when 6248 is divided by 76?
16
Calculate the remainder when 41270 is divided by 13728.
86
Calculate the remainder when 345 is divided by 203.
142
What is the remainder when 258399 is divided by 34?
33
Calculate the remainder when 3481 is divided by 152.
137
What is the remainder when 38108 is divided by 99?
92
Calculate the remainder when 3723 is divided by 924.
27
What is the remainder when 8714 is divid